= -31*y**3 - 3*y**2 - 8*y + 9. What is g(-2)?
261
Let k(z) = -3*z**3 + 3*z**2 + 7*z + 4. Give k(6).
-494
Let o(t) = 195*t + 23004. What is o(-118)?
-6
Let l(u) = 7*u**3 - 133*u**2 + 17*u - 329. What is l(19)?
-6
Let o(w) = -2*w**3 - 7*w**2 - 30*w - 357. Give o(-6).
3
Let f(n) = 7*n**2 + 341*n + 239. Give f(-48).
-1
Let j(g) = -g**3 + 14*g**2 + 5*g - 21. Determine j(15).
-171
Let t(n) = -n**3 - 12*n**2 + 81*n - 8. Determine t(5).
-28
Let u(q) = 98*q + 193. Determine u(-4).
-199
Let m(c) = 11*c - 118. Give m(8).
-30
Let d(f) = f**3 + 17*f**2 + 46*f - 7. Give d(-14).
-63
Let w(m) = -2*m**3 - m**2 - 21*m - 46. Calculate w(-3).
62
Let h(d) = 14812*d - 74064. Calculate h(5).
-4
Let p(f) = -2*f**2 - 40*f - 25. Give p(-19).
13
Let n(y) = -34*y**2 + 614*y - 20. Calculate n(18).
16
Let y(z) = 6*z + 248. Calculate y(-42).
-4
Let a(h) = -2*h**2 - 15*h + 9561. What is a(-73)?
-2
Let a(v) = 56*v + 3751. Calculate a(-67).
-1
Let c(q) = 3*q**3 + 388*q**2 + 513*q + 124. Determine c(-128).
-4
Let m(l) = l**2 - 81*l + 1258. Give m(21).
-2
Let i(x) = -2*x**2 + 53*x - 90. What is i(2)?
8
Let x(s) = 9153*s + 27465. What is x(-3)?
6
Let z(a) = -a**3 - 60*a**2 - 56*a - 115. What is z(-59)?
-292
Let x(r) = r**3 + 37*r**2 - 35*r + 22. Give x(-38).
-92
Let h(s) = 85*s - 342. Calculate h(4).
-2
Let r(h) = h**3 + 6*h**2 - 162*h - 1. Determine r(-16).
31
Let m(p) = -2*p**2 + 87*p - 837. Calculate m(15).
18
Let t(k) = 18*k**2 + 96*k - 181. Give t(2).
83
Let k(q) = -503*q + 145369. Give k(289).
2
Let h(r) = -58*r**2 - 3*r - 4. Determine h(-1).
-59
Let t(m) = -3*m**2 + 68*m + 3788. Determine t(-26).
-8
Let w(d) = -d**3 - 8*d**2 - 19*d - 252. What is w(-9)?
0
Let z(a) = 2*a**3 - 4*a - 9. What is z(-3)?
-51
Let k(d) = d**2 + d - 116. What is k(6)?
-74
Let v(q) = 9*q + 99. Calculate v(-19).
-72
Let o(f) = -14*f + 2705. Give o(193).
3
Let p(l) = -l**3 + 11*l**2 - 12*l + 42. What is p(9)?
96
Let h(n) = 2*n**3 + 7*n**2 + 11*n - 4. What is h(-4)?
-64
Let m(f) = 687*f - 23365. Determine m(34).
-7
Let i(s) = -s**3 + s**2 + 244*s - 22. What is i(-15)?
-82
Let f(m) = 3*m**3 - 7*m**2 - 12*m + 2. Calculate f(-2).
-26
Let b(t) = 431*t - 12929. Calculate b(30).
1
Let y(l) = 93*l + 382. Give y(-4).
10
Let x(k) = 166*k + 55786. Determine x(-336).
10
Let a(g) = -194*g - 11175. Calculate a(-58).
77
Let w(a) = -a**3 + 32*a**2 + 82*a - 468. Calculate w(34).
8
Let l(a) = -a**2 + 11*a + 18863. What is l(143)?
-13
Let f(s) = -176*s + 7238. Determine f(41).
22
Let c(g) = g**2 + 43*g + 453. Determine c(-26).
11
Let h(m) = 15*m**3 - 6*m**2 + 9*m + 15. Give h(-1).
-15
Let v(y) = y - 44. What is v(35)?
-9
Let s(u) = 2*u + 138. Calculate s(-10).
118
Let o(m) = 14*m**2 - 918*m + 518. Calculate o(65).
-2
Let i(v) = -v**3 - 34*v**2 - 253*v + 1. What is i(-11)?
1
Let j(s) = -s**3 - 13*s**2 + 33*s + 289. What is j(-11)?
-316
Let v(c) = -2*c**3 - 11*c**2 + 7*c - 75. Give v(-7).
23
Let m(f) = 367*f - 40736. What is m(111)?
1
Let x(f) = 774*f**2 - 8517*f + 43. Give x(11).
10
Let m(x) = 33*x**2 + 137*x + 242. Give m(-2).
100
Let r(p) = -p**3 + 29*p**2 + 79*p + 541. Give r(32).
-3
Let j(o) = o**3 - 33*o**2 + 282*o - 14. Determine j(12).
346
Let s(q) = -461*q - 34115. Calculate s(-74).
-1
Let u(h) = h**3 + 8*h**2 + 199*h + 970. Give u(-5).
50
Let c(y) = -3992*y - 71859. Determine c(-18).
-3
Let r(c) = 1418*c - 1492. Calculate r(1).
-74
Let r(o) = o**3 + 14*o**2 + 13*o + 40. Calculate r(-13).
40
Let x(q) = 90*q + 183. What is x(-4)?
-177
Let x(u) = 10*u**2 + 5*u - 8. Calculate x(2).
42
Let f(z) = 40*z - 1526. Give f(38).
-6
Let x(q) = -q**3 - 10*q**2 - 43*q + 23. Determine x(-8).
239
Let u(x) = -x**3 - 14*x**2 - 3*x + 29. Determine u(-9).
-349
Let z(v) = -5*v**3 + 3*v**2 + 11*v + 6. Give z(3).
-69
Let f(y) = 7*y - 1220. What is f(55)?
-835
Let g(o) = 93*o - 3391. Determine g(35).
-136
Let q(u) = u**3 - u**2 - 168*u - 494. Give q(-3).
-26
Let i(k) = -660*k**2 - k + 1. Calculate i(1).
-660
Let y(f) = 820*f + 28696. What is y(-35)?
-4
Let i(b) = b**2 + 56*b - 586. Calculate i(-65).
-1
Let i(o) = 880*o - 12316. Calculate i(14).
4
Let g(w) = w**3 + 18*w**2 - 61*w + 76. Determine g(-21).
34
Let c(r) = 48*r + 4702. Give c(-103).
-242
Let m(v) = 32*v + 1868. Determine m(-59).
-20
Let b(z) = 7*z + 53. What is b(-29)?
-150
Let p(u) = -17*u + 121. Calculate p(-4).
189
Let t(i) = i**3 - 19*i**2 - 20*i + 65. What is t(20)?
65
Let x(j) = 10*j**2 + 35*j + 110. Calculate x(-4).
130
Let r(q) = q**3 + 28*q**2 - 75*q + 668. Give r(-31).
110
Let x(s) = -108*s + 1409. Calculate x(14).
-103
Let l(h) = -7*h**2 + 122*h + 52. Determine l(21).
-473
Let z(d) = d**2 + 628*d - 68689. Calculate z(95).
-4
Let q(m) = 240*m + 1199. Give q(-5).
-1
Let h(u) = -u**3 - 8*u**2 - 10*u - 17. What is h(-4)?
-41
Let b(a) = 38*a**3 + 4*a**2 - 18*a - 17. Calculate b(-1).
-33
Let d(u) = 60*u + 1807. What is d(-30)?
7
Let p(r) = -6*r**3 + 31*r**2 - 6*r + 8. What is p(5)?
3
Let m(d) = -d**3 + 21*d**2 + 14*d - 34. Give m(21).
260
Let b(q) = -14*q - 887. Calculate b(-76).
177
Let l(v) = -11*v - 391. What is l(-35)?
-6
Let n(r) = 123*r - 2082. Give n(17).
9
Let j(g) = -285*g + 1528. Determine j(7).
-467
Let m(q) = -q**3 - 13*q**2 + 98*q - 11. What is m(-18)?
-155
Let j(r) = r**3 + 36*r**2 + 162*r - 5. Give j(-31).
-222
Let l(f) = -4*f**2 + 175*f + 814. Give l(48).
-2
Let d(z) = -3*z**2 - 17*z + 31. What is d(-7)?
3
Let j(l) = l**3 - 7*l**2 - 3*l - 43. What is j(9)?
92
Let r(o) = -2*o**2 - 210*o - 1185. Determine r(-99).
3
Let l(s) = 24*s**3 + 7*s**2 - 197*s + 190. Give l(1).
24
Let h(t) = 230*t + 4376. Determine h(-19).
6
Let y(j) = j**3 + 43*j**2 - 81*j - 173. Give y(3).
-2
Let q(f) = 519*f + 16611. Give q(-32).
3
Let x(y) = -y**2 - 521*y + 3166. Give x(6).
4
Let k(h) = h**3 + 52*h**2 + 133*h - 691. Calculate k(-49).
-5
Let t(x) = -62*x - 37. Give t(2).
-161
Let p(o) = -427*o - 2984. Determine p(-7).
5
Let x(z) = -z**3 - 49*z**2 - 34*z + 706. Determine x(-48).
34
Let g(s) = s**2 + 19*s - 207. Calculate g(-26).
-25
Let i(c) = -c**3 - 61*c**2 + 330*c + 20. Determine i(-66).
20
Let f(m) = -m**3 - 4*m**2 - m + 19. Give f(-4).
23
Let n(j) = -j**2 + 109*j - 1105. Calculate n(12).
59
Let o(g) = g**3 - 11*g**2 - 53*g + 577. Determine o(11).
-6
Let j(r) = 8*r**3 + 23*r**2 - 6*r - 27. Calculate j(-3).
-18
Let t(i) = -110*i**3 - 2*i**2 - i + 2. What is t(-1)?
111
Let t(j) = 356*j + 2734. What is t(-7)?
242
Let u(f) = f**3 - 12*f**2 + 57*f - 69. Give u(2).
5
Let g(p) = p**3 + 16*p**2 + 44*p + 17. Give g(-3).
2
Let m(b) = 168*b + 844. Determine m(-5).
4
Let i(v) = 3*v**3 + 8*v**2 - 33*v - 7. What is i(3)?
47
Let w(p) = p**3 - 84*p**2 + 1036*p - 60. Determine w(69).
9
Let i(r) = -r**2 + 584*r + 3526. Determine i(-6).
-14
Let s(d) = 4*d**2 + 65*d + 18. What is s(-18)?
144
Let t(j) = 2*j**2 + 185*j + 4266. Calculate t(-41).
43
Let t(i) = -155*i - 30. Calculate t(8).
-1270
Let d(o) = 2088*o + 4183. Calculate d(-2).
7
Let o(u) = -42*u + 132. Determine o(4).
-36
Let p(n) = -n**2 + 11*n + 242. Determine p(24).
-70
Let j(l) = -l**3 + 69*l**2 - 434*l - 6. What is j(62)?
-6
Let i(u) = -328*u - 13119. Give i(-40).
1
Let r(v) = -2*v**3 - 87*v**2 - 46*v - 108. What is r(-43)?
21
Let l(t) = t**3 - 6*t**2 - 9*t - 8. Determine l(-2).
-22
Let a(j) = 10*j**3 - 190*j**2 - 21*j + 39. Give a(19).
-360
Let a(h) = 11*h + 1042. What is a(-89)?
63
Let h(l) = -5*l**2 - 23*l - 15. Calculate h(-9).
-213
Let a(k) = k**3 + 90*k**2 + 170*k - 468. Give a(-88).
60
Let g(n) = 2*n**2 + 3*n + 153. What is g(-13)?
452
Let g(m) = 2*m**3 - 78*m**2 - 88*m + 339. Calculate g(40).
19
Let m(o) = -o**3 - 101*o**2 + 315*o + 293. Calculate m(-104).
-19
Let b(t) = 374*t + 2640. Give b(-7).
22
Let f(s) = s**2 + 381*s - 5537. Calculate f(14).
-7
Let y(k) = -3*k**3 - 23*k**2 + 22*k + 151. Give y(-8).
39
Let l(v) = v**3 - 16*v**2 - 23*v + 367. What is l(16)?
-1
Let f(r) = 5*r**2 - 293*r + 4218. Determine f(33).
-6
Let o(n) = -1260*n + 7514. Determine o(6).
-46
Let q(w) = -343*w + 4449. What is q(13)?
-10
Let v(z) = -z**3 - 21*z**2 - 9*z + 22. Give v(-21).
211
Let c(p) = -352*p - 768. Determine c(-3).
288
Let t(m) = -m**3 + 44*m**2 + 140*m + 27. Determine t(47).
-20
Let q(s) = s**3 - 16*s**2 - 18*s + 104. Determine q(8).
-552
Let j(z) = -z**3 + 3*z - 4. Calculate j(0).
-4
Let g(d) = d**3 + d**2 - 3*d + 56. Determine g(-7).
